8*x**2 + 39*x + 85. Give u(15).
-5
Let x(u) = -899*u - 7087. Calculate x(-8).
105
Let g(q) = 23*q**2 + 15*q. Calculate g(-3).
162
Let x(w) = -2*w**3 - 14*w**2 + 3*w + 7. Determine x(-7).
-14
Let h(m) = 122*m**2 - 115*m - 3. Determine h(1).
4
Let h(o) = o**3 + o**2 - 303*o + 43. Give h(-18).
-11
Let x(b) = -3*b**3 - 122*b**2 + 42*b + 32. Determine x(-41).
-9
Let k(w) = -w**3 - 8*w**2 + 60*w + 154. What is k(-12)?
10
Let u(y) = -8*y**3 + y**2 - 2*y - 3. What is u(-1)?
8
Let d(y) = y**2 + 63*y + 400. Give d(-7).
8
Let s(r) = -9*r**3 + 15*r - 9. What is s(3)?
-207
Let b(j) = -30*j**2 + 53*j + 10. Determine b(3).
-101
Let a(o) = -o**3 + 60*o**2 - 226*o + 44. Give a(56).
-68
Let h(q) = 22*q**2 - 185*q + 364. Give h(3).
7
Let h(q) = -105*q + 114. What is h(1)?
9
Let q(u) = 4*u**3 + 12*u**2 - u. Calculate q(-3).
3
Let g(v) = -v**3 - 96*v**2 - 86*v + 912. What is g(-95)?
57
Let t(m) = -255*m**3 - 4*m**2 + 3*m + 3. Determine t(-1).
251
Let o(x) = -2*x**3 - 38*x**2 - 71*x + 4. Give o(-2).
10
Let w(t) = 102*t + 7084. Determine w(-70).
-56
Let o(r) = -13*r + 217. Determine o(21).
-56
Let u(g) = -g**2 + 12*g + 5. What is u(0)?
5
Let m(d) = -922*d + 6449. Calculate m(7).
-5
Let s(y) = 82*y + 400. What is s(-5)?
-10
Let q(u) = -u**3 - u**2 + 11*u + 6. What is q(-3)?
-9
Let l(g) = 7*g**2 + 118*g - 22. What is l(-16)?
-118
Let m(u) = 2610*u**2 - 10441*u + 2. What is m(4)?
-2
Let l(d) = d**2 + 36*d - 128. Calculate l(-39).
-11
Let v(i) = 4*i**3 + 214*i**2 + 107*i + 63. Give v(-53).
10
Let k(n) = n**2 + 8*n - 364. What is k(15)?
-19
Let t(w) = -w**2 - 53*w - 551. Determine t(-14).
-5
Let b(t) = -3*t**2 + 663*t + 1956. Determine b(224).
-60
Let w(q) = -26*q**2 - 909*q + 42. Determine w(-35).
7
Let i(h) = 27*h**2 - 93*h + 59. What is i(3)?
23
Let r(x) = 6*x**3 - 5*x**2 - 3*x + 2. Determine r(-2).
-60
Let c(r) = 2*r**2 - 80*r - 174. Determine c(42).
-6
Let y(h) = -203*h - 2804. Calculate y(-14).
38
Let u(q) = -3099*q - 37205. What is u(-12)?
-17
Let c(o) = 5375*o - 16119. Determine c(3).
6
Let q(a) = -2*a**2 - 51*a + 232. Determine q(5).
-73
Let p(l) = 1025*l + 3104. Give p(-3).
29
Let n(m) = m**2 - 23*m - 62. What is n(25)?
-12
Let j(v) = 6*v + 204. What is j(0)?
204
Let i(r) = -r**2 + 47*r + 791. Determine i(63).
-217
Let h(j) = -j**3 + 43*j**2 - 311*j + 51. Determine h(9).
6
Let p(r) = -8*r**2 + 17*r - 25. Determine p(3).
-46
Let a(p) = 2*p**2 - 33*p + 144. Determine a(9).
9
Let r(x) = 24*x + 774. Determine r(-34).
-42
Let l(i) = -64*i - 803. Determine l(-17).
285
Let y(m) = -m**2 - 2307*m + 30155. Determine y(13).
-5
Let b(n) = 33*n**2 - 357*n - 8. Calculate b(11).
58
Let w(l) = 43*l - 248. Calculate w(6).
10
Let a(b) = b**3 + 17*b**2 + 15*b + 8. Give a(-14).
386
Let o(k) = 3*k**3 - 83*k**2 - 15*k - 381. Determine o(28).
-17
Let r(q) = q**2 - 9*q - 116. Give r(16).
-4
Let v(h) = -9*h - 22. Give v(-5).
23
Let p(q) = 77*q + 678. What is p(-9)?
-15
Let a(l) = 29*l**2 - 21*l - 49. Calculate a(-2).
109
Let r(d) = -89*d + 65. Determine r(0).
65
Let r(j) = -j**3 - 66*j**2 + 136*j - 287. Give r(-68).
-287
Let q(z) = 18*z**3 + 3*z**2 + 17*z - 84. Give q(3).
480
Let z(c) = 33*c**2 - 16*c + 17. Give z(1).
34
Let n(i) = -7*i - 176. Calculate n(-27).
13
Let n(u) = 927*u**2 + 11122*u - 17. Determine n(-12).
7
Let w(q) = -4*q**3 - 17*q**2 - 15*q + 5. Calculate w(-4).
49
Let g(x) = -x**3 - 19*x**2 + 113*x - 15. Calculate g(-24).
153
Let g(c) = -8*c**2 + 31*c - 8. Determine g(6).
-110
Let r(b) = 287*b - 6608. Give r(23).
-7
Let o(v) = 4*v**2 - 10*v - 27. Calculate o(7).
99
Let f(k) = k**3 - 46*k**2 - 150*k + 140. Calculate f(49).
-7
Let k(f) = -f**2 - 65*f + 327. Calculate k(5).
-23
Let s(v) = -218*v + 3036. Calculate s(14).
-16
Let f(z) = -524*z - 751. Calculate f(-2).
297
Let n(j) = -38*j**2 - 2206*j - 73. Give n(-58).
43
Let p(k) = -k**3 + 17*k**2 + 156*k - 2475. Give p(18).
9
Let r(m) = -51*m - 93. Calculate r(-4).
111
Let p(x) = 37*x - 2908. Calculate p(77).
-59
Let y(c) = 242*c + 80103. Give y(-331).
1
Let v(w) = -38*w + 162. What is v(7)?
-104
Let y(c) = 5*c**2 - 781*c + 952. Determine y(155).
22
Let m(j) = -5*j**2 + 84*j + 86. Give m(-1).
-3
Let p(w) = -1635*w + 35977. What is p(22)?
7
Let d(x) = 7*x - 11. Determine d(20).
129
Let n(x) = 3*x**3 - 35*x**2 + 68*x + 24. Calculate n(3).
-6
Let k(l) = -l**3 - 20*l**2 - 26*l - 88. What is k(-19)?
45
Let u(j) = -j**2 + 4083*j - 65076. Give u(16).
-4
Let p(r) = 210*r + 194. Determine p(-2).
-226
Let w(k) = k**2 - 2373*k + 16560. Give w(7).
-2
Let b(y) = -10*y**2 - 253*y - 53. Determine b(-25).
22
Let o(x) = -x**3 - 2*x**2 + 449*x - 101. Determine o(0).
-101
Let w(p) = 29*p**2 + 519*p - 24. Calculate w(-18).
30
Let t(o) = 2*o**3 - 2*o**2 - 13*o + 50. Calculate t(3).
47
Let d(q) = 67*q**2 + 333*q + 2. Determine d(-5).
12
Let w(i) = -9*i - 150. Give w(-19).
21
Let l(s) = 8*s - 556. Calculate l(69).
-4
Let r(m) = -m**3 - 105*m**2 - 64*m + 4163. Calculate r(-104).
3
Let y(g) = -48*g + 147. Calculate y(-4).
339
Let n(g) = 13*g + 440. What is n(-36)?
-28
Let w(t) = -t**3 + 35*t**2 + 3475*t - 58. Determine w(-44).
-14
Let k(n) = -157*n + 3924. Give k(25).
-1
Let y(l) = l**2 - 48*l - 720. Give y(-12).
0
Let r(u) = -2*u - 88. Give r(15).
-118
Let k(v) = -v**2 + 51*v - 80. What is k(49)?
18
Let i(x) = x**3 + x**2 - 18*x - 34. Give i(5).
26
Let n(q) = 254*q - 3371. Give n(13).
-69
Let i(u) = 5*u - 37. Determine i(20).
63
Let n(l) = -2*l**2 - 344*l - 14172. Give n(-104).
-28
Let w(h) = 2*h**2 + 43*h + 72. What is w(-20)?
12
Let j(d) = d**3 - 153*d**2 - 159*d + 781. Calculate j(154).
11
Let r(k) = 41*k - 839. What is r(20)?
-19
Let v(x) = 2*x**2 - 116*x + 1099. What is v(12)?
-5
Let r(a) = -76*a - 2299. Calculate r(-26).
-323
Let s(t) = -2*t**2 + 16*t - 114. Give s(27).
-1140
Let g(n) = n**2 + 31*n + 96. Calculate g(-14).
-142
Let m(s) = 3*s**3 - 1076*s**2 - 11438*s - 372. What is m(369)?
-3
Let t(m) = 28*m + 479. Calculate t(-17).
3
Let l(a) = 136*a - 607. Give l(4).
-63
Let z(m) = -4*m**2 + 3*m - 7. What is z(5)?
-92
Let w(h) = 36*h**2 + 216*h - 271. Calculate w(-7).
-19
Let d(u) = -3*u**2 + 51*u - 171. Give d(5).
9
Let n(m) = -m**3 - 2*m**2 - 5*m - 7. Determine n(-2).
3
Let y(o) = -o**2 + 2*o + 44. Determine y(7).
9
Let s(b) = 9*b**3 + 21*b**2 - 26*b - 19. Calculate s(-3).
5
Let v(l) = -l**3 + 4*l**2 + 41*l - 131. What is v(7)?
9
Let t(i) = -2*i**2 + 69*i - 423. Calculate t(28).
-59
Let f(t) = -t**2 - 36*t - 125. Determine f(-32).
3
Let n(w) = 5*w**3 - 2*w**2 - 13*w - 2. What is n(2)?
4
Let x(j) = -37*j**2 + 2592*j - 142. What is x(70)?
-2
Let p(u) = -u**3 - 44*u**2 - 56*u - 483. What is p(-43)?
76
Let r(l) = 7*l**3 + 15*l**2 + 35*l - 41. Give r(-3).
-200
Let c(l) = -2038*l + 8156. What is c(4)?
4
Let j(n) = -n**3 + 19*n**2 + 196*n - 2402. What is j(23)?
-10
Let t(o) = -2*o**3 + 33*o**2 + 59*o - 99. What is t(18)?
-9
Let a(m) = 3*m**3 - 60*m**2 - 3*m + 401. What is a(20)?
341
Let o(k) = -2*k**2 - 10*k - 29. Give o(-5).
-29
Let v(k) = 2*k**3 - 44*k**2 - 13*k - 747. Determine v(23).
12
Let a(n) = -913*n - 125989. Calculate a(-138).
5
Let v(b) = 2*b**2 - 74*b - 418. Calculate v(-5).
2
Let l(h) = 2*h**3 - 18*h**2 - 25*h + 67. Give l(10).
17
Let o(p) = 13*p + 1311. What is o(-95)?
76
Let h(s) = -768*s - 3773. Give h(-5).
67
Let h(z) = z**3 - 102*z**2 + 202*z - 198. Determine h(100).
2
Let w(p) = -28*p**2 + 157*p - 5. What is w(6)?
-71
Let h(n) = 15*n**2 - 16*n + 76. Calculate h(3).
163
Let o(p) = -p**2 + 14*p - 285. Calculate o(12).
-261
Let g(y) = -y**2 - 36. Calculate g(8).
-100
Let z(x) = 88*x**2 - 1. Determine z(-1).
87
Let t(j) = 114*j + 6160. Give t(-54).
4
Let w(m) = -198*m + 4954. Calculate w(25).
4
Let v(w) = -24*w - 1172. What is v(-50)?
28
Let s(l) = l**3 - 46*l**2 - 299*l - 641. What is s(52)?
35
Let f(g) = -87*g + 605. What is f(7)?
-4
Let s(z) = -z**2 + 8*z + 39. Give s(-6).
-45
Let n(l) = -l**2 - 6*l + 314. What is n(-16)?
154
Let y(a) = -a**3 + 7*a**2 + 48*a + 21. What is y(-3)?
-33
Let a(s) = -104*s**2 - 99*s + 1. Determine a(-1).
-4
Let z(m) = -58*m**3 - 289*m**2 + 2*m - 14. Determine z(-5).
1
Let u(v) = -537*v**2 - 22*v - 22. Give u(-1).
-537
Let k(d) = 237*d - 1145. Determine k(5).
40
Let a(n) = 3*n**2 + 17*n - 34. Give a(-7).
-6
Let a(j) = j**2 - 144*j - 1113. Give a(-7).
-56
Let w(p) = 18*p + 789. Determine w(-46).
-3